3*a**3. Calculate o(z).
13
Let n(p) be the third derivative of 0*p - 5/6*p**3 - 1/20*p**5 + 29*p**2 + 0 + 7/24*p**4. Give n(4).
-25
Let v(i) = -i**3 - 16*i**2 - 4. Let g be v(-16). Let x(c) = c - 1. What is x(g)?
-5
Suppose -3*v + 5 = -1. Let z(q) = -2*q**2 - 1 + 3*q**v - 2*q**2 - q. Calculate z(0).
-1
Let p(h) be the first derivative of -h**5/15 - h**4/24 + 2*h**2 + 16. Let g(k) be the second derivative of p(k). Give g(2).
-18
Let y(p) = p**3 - p**2 - p + 5. Let l = -6 + 9. Let k be (-1)/l + (-1)/(-3). What is y(k)?
5
Let c(p) = -1 - 3*p + 5 - p + p. Let h be c(-2). Suppose 4 + h = 7*r. Let f(m) = -m**3 + 2*m**2 + 2*m + 1. Determine f(r).
5
Suppose -18*c + 136 = -22*c. Let d = c - -30. Let l(k) = k - 1. Give l(d).
-5
Let o = 128 + -90. Let r = -34 + o. Let d(n) = 2*n - 1. What is d(r)?
7
Let x(q) = -q**3 + 2*q**2 + 12*q + 1. Let p be (80/(-24))/(2/(-3)). Let l be x(p). Let k be 30/(-12)*l/5. Let s(f) = -f + 5. Calculate s(k).
-2
Let z(f) = -f**3 + 4*f**2 - f. Suppose 3 = -y + 18. Suppose -2*t + c = -c - 8, 4*t = 3*c + y. What is z(t)?
6
Let a be -1*(12/3 + 2). Let n = -7 - a. Let s(c) = -1. Let z(k) = -8*k - 5. Let x(j) = n*z(j) + 6*s(j). Calculate x(1).
7
Let c(g) = -19 - 7 + 51 - 15 + 5*g**2 + g**3 - 13*g**2 - 2*g. What is c(8)?
-6
Let z(j) = j**2 - 3*j. Let w(y) = 14*y - 1 + 17*y**2 + 15*y**2 - 39*y**2. Let o(s) = 2*w(s) + 11*z(s). Calculate o(-3).
-14
Let n(w) = -7*w**2 + w**3 + 0*w**3 + w - 3*w + 3*w + 6. Calculate n(7).
13
Let q(b) = -1. Let f(l) = 3*l - 12. Let n(p) = f(p) - 4*q(p). Calculate n(3).
1
Suppose -5*x + 0*x = 15, k - 4*x - 11 = 0. Let y = 74 + -72. Let d(b) = -4*b - 4*b + y*b + 3*b. Calculate d(k).
3
Let k(b) = b**3 - 8*b**2 - 2*b + 12. Let a(s) = 4*s**2 + 3*s - 17. Let h(g) = 5*g**2 + 3*g - 16. Let x(f) = 4*a(f) - 3*h(f). Let v be x(4). Give k(v).
-4
Let w(n) = n**3 + 5*n**2 + 4*n + 2. Let k be (-4)/(-24)*8*-3. Determine w(k).
2
Let h(b) = -b. Let k(l) = -5*l. Let c(j) = 4*h(j) - k(j). Let f(p) = -p**2 - 10*p - 27. Suppose 0 = -3*d - 37 + 19. Let s be f(d). Determine c(s).
-3
Let o = 68 - 84. Let w = 24 + o. Let a(q) = -q + 2. Calculate a(w).
-6
Let b(p) be the first derivative of p**4/4 - p**3/3 + p**2/2 - 4*p - 1. Suppose 0 = -5*j + 3*o - 1, -5*j = -4*o + 2 - 4. Let h be (-4)/6 - j/3. Give b(h).
-4
Let a(b) = 7*b + 14. Let x be 180/30*(-4)/6. Give a(x).
-14
Let a(r) = r. Let b(c) = c + 8. Let n be b(-5). Let o(i) = -i**2 + 10*i + 4. Let x(g) = n*a(g) - o(g). Calculate x(6).
-10
Let l(n) = 40*n + 4. Let p(v) = 14*v + 1. Let h(g) = -3*l(g) + 8*p(g). What is h(3)?
-28
Let a be (4/(-7))/((-5)/35). Let l be -4 + a + 3 + 0. Let b(r) = -r + 0 + 3 + l*r. What is b(-6)?
-9
Suppose 58 = -3*x + 34. Let f(t) = 3*t**3 - 8*t**2 - 7*t + 6. Let s(o) = 5*o**3 - 12*o**2 - 11*o + 9. Let r(k) = x*f(k) + 5*s(k). What is r(-3)?
3
Let q(u) = -104*u**2 - 104*u**2 - 2 + 318*u**2 - 109*u**2 - 7*u. Suppose -5*d = -d - 16. What is q(d)?
-14
Let s = -60 - -34. Let h be (-212)/s - 6/39. Let c(j) = -j + 4. Let u be c(h). Let g(n) = -2*n. What is g(u)?
8
Let r(b) = b**3 - 5*b**2 + 4*b - 5. Let q(d) = d**2 - 26*d + 74. Let l be q(23). Determine r(l).
15
Let f(b) be the first derivative of b**3/3 + b**2 - 4*b + 68. Calculate f(-5).
11
Let o(y) = 16*y**3 - y**2 + y. Let n be (-2)/(-6)*6/2. Suppose -n + 5 = 4*l. Determine o(l).
16
Let c(v) = 3*v**3 - 7 - 16*v - v**3 + v**3 - 4*v**2 - 2*v**3. Let b be c(7). Let u = b + -34. Let z(k) = -k**2 - 5*k + 3. Give z(u).
-3
Suppose 0 = 4*h - 2*h + 22. Let m = h - -14. Let r(l) = -3*l + 1 + m*l + 3 - l. Calculate r(4).
0
Let k(d) be the third derivative of -d**5/60 + d**4/6 + 5*d**3/6 + 76*d**2 - 3*d. Let x = -5 + 10. Determine k(x).
0
Suppose 2*v - 6 = v. Let c(l) = l - 10. Let m be c(v). Let k(b) = b + 4. Give k(m).
0
Let d(r) = 3*r - 2. Let s(x) = -x**2 + 4*x - 16. Let v(b) = -4*d(b) + s(b). What is v(-6)?
4
Let o(n) = 2*n**2 + 15*n + 16. Let t be o(-6). Let i(u) = -u**3 - 2*u**2 + 5*u + 3. Give i(t).
-7
Let n(i) = i**3 + 6*i**2 + 7*i + 5. Let h be n(-5). Let g(f) = 54*f**3 - 27*f**3 + 4*f**2 + 5 - 5*f - 26*f**3. Determine g(h).
5
Let x = -7 + 8. Suppose 0 = 3*u + 5*y - 16, 2*y = 2*u + 3*y - 6. Let a(o) = -6*o**2 + 4*o**u + o**2 - 7*o**2 + 1. Calculate a(x).
-7
Let t(y) = -y**3 - 2*y**2 + 2*y - 5. Let k = -589 - -586. What is t(k)?
-2
Suppose -2*n + 0*n = 20. Let u be (28/n)/(4/(-20)). Suppose 0 = -5*v + a + u, -5*a - 15 = -4*v - 8*a. Let q(h) = -h**2 + 4*h + 2. Calculate q(v).
5
Let q(o) be the third derivative of -1/8*o**4 + 0*o + 0 - 4*o**2 - 2/3*o**3. Determine q(-7).
17
Let c = 0 + 6. Let d be -1*c + -7 + 7. Let b(o) = 17*o - 16*o + 4 + 3. Determine b(d).
1
Suppose z + 4*p + 18 = 2*z, 3*z + 5*p = 71. Suppose -t + 2*t + z = -5*s, -2*t + 2*s = 8. Let j(g) = -g - 8. Calculate j(t).
-1
Let t = 45 + -55. Let c be 5/((-10)/(-12))*t/(-60). Let q(i) = -2*i**2 - i + 1. Determine q(c).
-2
Let w(t) = t**2 - 8*t + 9. Let q = -137 + 143. Give w(q).
-3
Let c(w) = -w**2 - 4*w + 5. Suppose 5*l - 3*s + 8 = 0, -3*l - 2*s = -5*l. Give c(l).
5
Let f(m) be the first derivative of 3/2*m**2 - 15 + 1/3*m**3 + 0*m. Give f(-4).
4
Let l(u) = u**2 - 60 + 457*u - 459*u + 58. Calculate l(5).
13
Let d(u) = u**2 - 84*u + 246. Let o be d(3). Let v(q) be the first derivative of -10/3*q**o - 4 - q - q**2. Give v(-1).
-9
Let r(u) = -u**2 - u - 2. Let b(p) = -5*p - 26. Let q be b(-5). Let i be ((-1)/(-1) + q)/(-2). Calculate r(i).
-2
Let x(h) = -h**2 - 3*h + 110. Let v be x(-12). Let d(o) = -o**2 + 3*o + 2. Let w(q) = -2*q**2 + 7*q + 4. Let z(t) = 5*d(t) - 2*w(t). What is z(v)?
0
Let b = -72 + 79. Suppose 0 = -4*x - 3*o - b, -3*o = -4*o + 3. Let h(q) = -2*q + 4. Determine h(x).
12
Let p = -18 - -13. Let i(d) = 3 - 4 - 8 + 134*d - 135*d. Let c(a) = -1. Let h(b) = 3*c(b) - i(b). What is h(p)?
1
Let t be -5*(13/5 + -3). Suppose -t*v + 3 = -v. Let i(x) = 1 + 0 - x**2 + 2*x + 0. Give i(v).
-2
Let f(g) = -4*g**3 - g**2 + 6*g + 13. Let d(o) = -o**3 + o + 2. Let p(b) = 7*d(b) - f(b). Let t(i) = i - 2. Let c be t(1). What is p(c)?
4
Let b(w) = -3*w**2 - 8*w**2 + 0 + 10*w**2 + w + w**3 - 6. Let t be 2/5 + (-2)/5. Let m be b(t). Let s(n) = n**3 + 5*n**2 - 7*n + 2. What is s(m)?
8
Suppose -338*c + 341*c - 9 = 0. Let i(o) = -10*o + 1. Give i(c).
-29
Let p(t) = -51*t**2 + 29*t + 18. Let z(b) = -19*b**2 + 10*b + 6. Let k(w) = -3*p(w) + 8*z(w). Let q be (2 - (-1 - -3)) + 7. Determine k(q).
-6
Let s(r) = 13583 + 13583 + 6*r**3 - 27167. Suppose 0*b = -b - 1. Give s(b).
-7
Suppose -4*q = 3*m - 13, -m = -q + 9 - 4. Let h be 6/10 - 2/(-5). Let a(y) = -1 + h + y - 6*y. Determine a(m).
5
Let d(l) be the third derivative of 0 + 0*l**4 + 0*l - 1/20*l**5 - 1/120*l**6 - 1/2*l**3 - 4*l**2. Suppose 37*r + 21 = 30*r. Determine d(r).
-3
Let s(l) = 2 - 8*l + 2*l + l - 4 + 6*l**2 + l**3 + 11. Determine s(-7).
-5
Let r(y) be the second derivative of -y**5/20 - y**4/2 + 2*y**3/3 + 2*y**2 + 63*y. Determine r(-4).
-44
Let o(p) = -9*p. Let k be (-10)/(-6)*(-24)/(-20). Determine o(k).
-18
Let k = 11 - 19. Let s(c) = 2*c**2 - 11*c - 1. Let y(q) = -3*q**2 + q + 1. Let g(r) = -s(r) - y(r). What is g(k)?
-16
Let p(u) = -4*u + 3. Let k(v) = -4*v + 5. Let w(r) = 3*r - 4. Let j(c) = -6*k(c) - 7*w(c). Let o(q) = 5*j(q) + 4*p(q). Suppose 0 = 2*x + 2 - 10. What is o(x)?
-2
Let d(u) = u**3 + 16*u**2 - u - 21. Let r be 1194/(-75) + (-1414)/175 + 8. Determine d(r).
-5
Suppose 3*x = 2*i + 2 + 3, 0 = x + i - 5. Suppose 0 = -6*k + 2*k + 24. Let h(y) = -k*y + 4*y + 7 - x - 2. Calculate h(4).
-6
Suppose 12*p = 314 - 62. Let x(k) = -k**3 + 22*k**2 - 20*k - 29. Calculate x(p).
-8
Let j = 29 + -19. Let b(z) = 1 - 7 + j*z + z**2 - 4*z + 0*z. What is b(-7)?
1
Let h = 23 + -20. Let l(v) = -v + 4*v**2 - 3*v**3 - 1 + 5*v**3 - 4*v**3 + v**h. Calculate l(3).
5
Let k(h) = h**2 + 4*h - 6. Let y be k(-6). Suppose 0 = -0*d + d + y. Let l(a) = 2*a**2 + 5 + 2*a + 4*a - a**2 + 0*a**2. Determine l(d).
5
Let a(z) = 4*z + 36. Let h be a(-7). Suppose -35 = -h*w + w. Let f(u) = -u**3 - u**2. Let d(l) = 6*l**3 - l - 7. Let g(b) = d(b) + 5*f(b). Give g(w).
-12
Let z(o) = -2*o + 6. Suppose -5*x = 5*r - 10, 4*r - 5*x = 11 + 15. Determine z(r).
-2
Let h be 2/(-4)*276/46. Let f(c) = c**3 + c**2 - 2*c + 4. What is f(h)?
-8
Let s(k) be the first derivative of -k**4/12 - k**3/6 - k - 24. Let i(a) be the first derivative of s(a